- 6 - 14, 4*f = 4*c + 8. Let t(j) = 5*j - 10. Calculate t(f).
10
Let i(m) = -1 + m**3 - 4*m**3 - 222*m**2 + m + 2*m**3 + 223*m**2. Calculate i(3).
-16
Let m = 39 + -26. Let s(b) = b**2 - 15 + m - 2*b + 5*b. Give s(2).
8
Let b(k) = -5*k + 19*k - k**2 + 1 - 21*k. Calculate b(-7).
1
Let w be 3*6/(-18) - 12/4. Let h(c) = -c**3 - 4*c**2 + 5*c + 10. Determine h(w).
-10
Let n be (-2)/(-4) + 15/2. Suppose -3*f + 4 + n = 0. Let t(j) = j + 1 + f*j + 4*j - 2*j. What is t(1)?
8
Let z(k) = -k + 8. Let p be z(4). Let i be -5 - (-8 + p + 4). Let x(v) = -v**2 - 4*v + 3. Calculate x(i).
-2
Let t = -333 - -335. Let j(o) = 3*o**2 + o + 2. Determine j(t).
16
Suppose -5*i + 0*i - 15 = 0, -9 = w + 4*i. Let a(l) = 53*l**3 - 25*l**3 - 2 - 7*l**2 - 27*l**w + 6*l. What is a(6)?
-2
Let c(n) = -n**3 - 5*n**2 - 4*n + 5. Let z(b) = -5 + 1 + b - 1 + 1. Let i be 3 - (-5)/((-15)/9). Let h be z(i). Determine c(h).
5
Let x(u) = u**3 - 8*u**2 + 8*u - 3. Let n(l) = -2*l**2. Let c(o) = n(o) + x(o). Determine c(9).
-12
Let c(r) = -2*r - 3. Let y = -36 + 44. Suppose 13 = -4*u + d, 2*u + d = 3*d - y. Give c(u).
3
Let p(h) = h**3 - 7*h**2 + 8*h + 6. Let t be (-255)/9 - 4/6 - 3. Let q = t - -38. Give p(q).
18
Let r = -139 - -132. Let c(p) be the third derivative of 1/4*p**4 + 2*p**2 + 0*p + 1/60*p**5 - 5/6*p**3 + 0. Calculate c(r).
2
Let h(o) = -o + 1. Let i(j) = j**2 + 2*j - 1. Let b = 36 - 40. Let p be i(b). Calculate h(p).
-6
Let x(q) = 20 + q**3 + 2 - 7*q**2 - 38 - 6*q + 15. Determine x(8).
15
Suppose 5*z = 3*x + 4, 2*x - 1 = 3*z - 3. Let y(a) = 21 - z*a - 19 + a**2 + 2*a. Give y(0).
2
Let j be (2/3 + -2)*-6. Let c be (-156)/(-16) + 2/j. Suppose 0*v = 2*v + y - c, 4*y + 5 = v. Let d(m) = m - 2. Give d(v).
3
Let u(x) = -x - 1. Suppose -l + 0*l + 37 = -t, -4*l + t + 142 = 0. Let b = -39 + l. Determine u(b).
3
Let g(b) = b**2 + 3*b - 6. Let w(v) = v**2 + 7*v + 16. Let x be w(-3). Suppose -3*y + 14 = 5*t + 9, -5*t = x*y. What is g(y)?
4
Suppose 0 = h - 4*n - 4, 2*n + 0*n - 34 = 5*h. Let t(w) = w**2 + 10*w + 5. What is t(h)?
-11
Let t(z) = 6*z + 8. Let c(k) = 9*k + 8. Let w(o) = 10*o + 8. Let r(m) = -3*c(m) + 2*w(m). Let u(b) = 5*r(b) + 6*t(b). Let g be (0/(-1))/(-6 - -5). What is u(g)?
8
Let t be 7*-1 + (3 - 1). Let b(v) = -v**3 - 4*v**2 + 6*v - v - 377 + 378. Give b(t).
1
Let i(b) = 3*b**2 - 2*b - 1. Let h be 3/30*-2*(-9 + 19). Give i(h).
15
Suppose 2*i - 14 = -0. Let h(r) = -5*r - i - r + 8*r. Determine h(5).
3
Suppose 3*b + 5*a = -0*a + 42, -2*b + 4*a = -50. Let n = b - 18. Suppose -5*c + n = m, 4 = 5*m - 4*c - 1. Let y(u) = -10*u**2. Calculate y(m).
-10
Let h(r) = 2*r - 49. Let n be h(30). Let c(v) = v**3 - 10*v**2 - 13*v + 3. What is c(n)?
-19
Let i(d) = d**2 + d + 59. Let k be 1*(-10 + (-7 - -17)). What is i(k)?
59
Let g = 25 + -23. Suppose 14 = g*x - 2*n + 4*n, 0 = x + 5*n - 27. Suppose 15 = 5*p - 2*v + 3*v, 4*v = -x*p + 24. Let m(w) = -5*w + 2. Give m(p).
-8
Let m(i) = i**3 + 10*i**2 + 7*i - 21. Let h be m(-9). Let l be (-1)/((-5)/(h - -8)). Let w(s) = -s**3 + l - 5*s + 5*s**2 - 3 - 10*s**2. What is w(-4)?
2
Let h(d) = -11*d**3 - 17*d**2 - 10*d - 4. Let z(x) = 9*x**3 + 15*x**2 + 9*x + 3. Let u(a) = 4*h(a) + 5*z(a). Calculate u(-6).
5
Let w(d) = -d**3 + 5*d**2 + 4. Let a(r) = -2*r**3 + 10*r**2 + r + 8. Let y(g) = 2*a(g) - 5*w(g). Let t be y(5). Let q(i) = i - 12. Give q(t).
-6
Let f(w) = -w**2 + 13. Let j = -530 + 530. Determine f(j).
13
Let f(o) be the second derivative of -o**3/2 - o**2 - o. Let q be (-2)/(20/85) - (-6)/4. Let j be 1 + 5/q + 304/(-133). Calculate f(j).
4
Let m(h) = -h**3 - 5*h**2 - 4*h + 3. Let i(a) = -a**3 - 5*a**2 - 5*a - 4. Let v = -13 - -8. Let t be i(v). Let f be (-2)/7 - 78/t. Give m(f).
3
Let u(x) = 3*x**2 + 1 + 2 - 4*x - 2*x**2. Let y = -10 - -13. Suppose -4*n - 5*h + 15 = -4*h, y*h = -4*n + 13. Determine u(n).
3
Let p(x) = -14*x**3 - 32*x**2 + 17*x - 15. Let k(g) = 5*g**3 + 11*g**2 - 6*g + 5. Let z(n) = 17*k(n) + 6*p(n). Calculate z(4).
-21
Let f(b) be the third derivative of b**4/6 + 25*b**3/6 - 597*b**2 - 1. Calculate f(-4).
9
Let i = -12 - -8. Let j(s) be the first derivative of 1/4*s**4 + 9 + 0*s**2 + 4/3*s**3 + 3*s. Determine j(i).
3
Suppose l = -4*b + 19, -4*b + 13 = -b + l. Let p = -4 + b. Let a(d) be the second derivative of -d**4/12 - d**2/2 - 437*d. What is a(p)?
-5
Let z(q) = -q**3 - q**2 - q - 1. Let g be z(0). Let j(r) = -11*r**3 + r**2 - 1. Determine j(g).
11
Let k(h) = 3*h**3 + 2*h**2 + 4*h - 7. Let o(w) = 5*w**3 + w**2 + 6*w - 6. Let p(m) = -3*k(m) + 2*o(m). Calculate p(5).
34
Let m = 9 - 14. Let r be 0/(-3 - m - -2). Let f(b) = -b**3 + b - 7. Calculate f(r).
-7
Let t be (0 - 1)/((-4)/20). Let f(h) = -2 - 2 + 3 - t*h - 1. Suppose 0 = 6*u + 28 - 10. Calculate f(u).
13
Let o(z) be the first derivative of z**3/3 + 11*z**2/2 - 6*z + 13. Let l be 2*2*44/(-16). Let u be o(l). Let m(x) = x**3 + 6*x**2 - 3. Calculate m(u).
-3
Let i(o) be the second derivative of o**3/6 + o**2 + 2*o. Suppose 16*b + 3 = 12*b + z, -4*b + 3*z = 9. Determine i(b).
2
Let b(v) = v**3 + 20*v**2 - 20*v - 9. Let n be b(-21). Let r be (4/(-10))/(2/n). Let o(c) = -c**2 + 7*c + 4. Give o(r).
10
Let h(q) = q - 2. Let i be (-5 - 9/(-5))*-5. Suppose i = k - 3*k. Calculate h(k).
-10
Let o be (-18)/(-3) - (-3)/(-1). Let r(w) be the third derivative of -1/6*w**4 - 3*w**2 + 0*w + 0 - 1/3*w**o + 1/60*w**5. What is r(5)?
3
Let q(j) be the first derivative of -j**4/4 - 5*j**3/3 + 5*j**2/2 - 3*j + 36. Let l(z) = -z**2 - 7*z + 24. Let u be l(-10). Determine q(u).
3
Let x(m) = -5*m**2 + 3. Let w(k) = 6*k**2 + k - 4. Let o(h) = -4*w(h) - 5*x(h). Determine o(5).
6
Let v be ((-4)/12)/((-1)/18). Suppose v*m = m. Let p be m*4/(-6 + -2). Let h(q) = q**3 + q**2 - q + 1. What is h(p)?
1
Let o(c) = -20 + 511*c**2 - 6*c - c**3 - 497*c**2 + 39*c. What is o(16)?
-4
Suppose 0*x = 3*g - 3*x - 27, 0 = -x + 4. Suppose 11*c = g*c - 2. Let o(l) = 12*l - 1. Calculate o(c).
11
Let o(m) = m**2 - 4*m + 2. Let t(b) = -b + 2. Let s be t(-5). Suppose -s - 13 = -5*v. Give o(v).
2
Let d be ((-11)/(33/48))/2. Let k(m) = -4*m**3 - 9*m**2 - 10*m + 5. Let u(j) = 5*j**3 + 9*j**2 + 11*j - 6. Let v(x) = -4*k(x) - 3*u(x). What is v(d)?
6
Let k(x) = x**2 - 16*x - 7. Let y be k(17). Let f = y + -6. Let o(g) = g**3 - 4*g**2 - 3*g - 5. Give o(f).
-17
Let g(y) = -5*y + 21. Let d(j) = 11*j - 50. Let k(t) = 4*d(t) + 9*g(t). What is k(-14)?
3
Let c(j) = 7*j + 82. Let x(q) = -q - 13. Let k(o) = 2*c(o) + 13*x(o). Suppose 4 = -g + 2*g. Determine k(g).
-1
Suppose -5*d + 4*k - 289 + 38 = 0, 4*d = 4*k - 204. Let t = 44 + d. Let r(f) = 9*f. What is r(t)?
-27
Let z be (-2)/((-8)/12) + 8 + -4. Let j(d) = -d**2 + 6*d + 9. Determine j(z).
2
Let v(g) = -2*g**3 - 19. Let r(n) = -3*n**3 - 39. Let h(x) = 3*r(x) - 5*v(x). Calculate h(0).
-22
Let w(h) be the second derivative of h**5/20 - h**4/2 + h**3/6 - h**2/2 - 109*h + 2. What is w(5)?
-21
Suppose 5*w + 2*u = 30, 13*u - 20 = 9*u. Let p(z) = -z - 3. What is p(w)?
-7
Suppose -2*h = -0 + 8. Let m be (27/9)/(3/h). Let w(c) = c**3 + 5*c**2 + 5*c + 5. Calculate w(m).
1
Let g(w) = 3*w - 41. Suppose -35*c + 799 = 12*c. What is g(c)?
10
Let q = 50 + 11. Suppose 0 = q*x - 60*x. Let u(s) = -s. Determine u(x).
0
Let w(x) = -4*x - 10. Let u be w(-4). Suppose -t + 5*h - 8 = 0, t + h - u = -t. Let d(f) be the first derivative of -f**4/2 + f**3/3 + f**2 - 2. Determine d(t).
-8
Let s(a) be the second derivative of -a**4/12 - 7*a**3/6 + 4*a**2 - 203*a. Calculate s(-8).
0
Let z(s) be the first derivative of s**2/2 - 2*s - 3. Suppose -5*q = -5*x - 20, x - 4*q - 14 = 3*x. What is z(x)?
-7
Suppose 0 = -5*b + 34 + 11. Let m(t) = 0*t**2 + 18 + t**2 + b*t - 10 + 0*t**2. Determine m(-6).
-10
Suppose 2*r = 3*r. Suppose r = k + 1. Let d(u) = 17*u**2 + 4*u + 2. Let z(q) = -8*q**2 - 2*q - 1. Let m(x) = -4*d(x) - 9*z(x). Calculate m(k).
3
Let b be (2 - (-48)/(-18))*-30. Suppose 4*x - b = 20. Let j(z) = z**3 - 10*z**2 + 2*z - 12. What is j(x)?
8
Let d(h) = -3*h. Let c be ((-9)/6)/((-1)/2). Suppose -c + 0 = -g. Suppose 2*n + 6*k = k - 6, 5*k + g = -n. What is d(n)?
9
Let i(o) be the second derivative of -o**4/12 + o**3/6 + 5*o**2 - 541*o. What is i(0)?
10
Let h(j) = -26 + j**2 - 17 - 16 - 4*j + 61. Determine h(5).
7
Let f(j) = 2*j**2 + 4 - 2 + 4*j + j + 0*j**2. Suppose -2*w = -3*n + 9, 4*w + 3*n - 22 = 5. Suppose -q +